at is -121 - -22200?
22002
In base 14, what is 6d1cd6 + -3?
6d1cd3
In base 13, what is -502b7 + b?
-502a9
In base 8, what is 43 + 1547?
1612
In base 9, what is 5 + -352587?
-352582
In base 10, what is -1 + 8588?
8587
In base 6, what is -42005 - 24?
-42033
In base 15, what is -2 - 285?
-287
In base 14, what is 154b - 178?
13b3
In base 12, what is 138b6 + -16?
138a0
In base 2, what is 1110101 - 110111111100?
-110110000111
In base 7, what is -4 + -44613?
-44620
In base 8, what is -121 - -1515?
1374
In base 10, what is -9149 - 12?
-9161
In base 11, what is -147074 - -4?
-147070
In base 12, what is 11080 + -6?
11076
In base 6, what is 5 + 123542?
123551
In base 16, what is 2 - 25b6?
-25b4
In base 11, what is -3 + 57154?
57151
In base 7, what is -253 + 4525?
4242
In base 10, what is 7851 + 27?
7878
In base 14, what is -485b - -213?
-4648
In base 5, what is 333303 + -14?
333234
In base 6, what is -12 + -11251?
-11303
In base 2, what is 101 - 101011011010100011?
-101011011010011110
In base 3, what is 1102 + -1112021100?
-1112012221
In base 3, what is -210112122 + 12?
-210112110
In base 10, what is 17 + 30543?
30560
In base 10, what is -15 + -28342?
-28357
In base 16, what is -16 + -157d?
-1593
In base 8, what is -25711 - -160?
-25531
In base 8, what is 37 + 23727?
23766
In base 16, what is -4 + -3662e?
-36632
In base 4, what is 13 + 2333223?
2333302
In base 3, what is -112122 - -110100?
-2022
In base 13, what is 559 + -b16?
-58a
In base 11, what is -2116 - a?
-2125
In base 9, what is -352 - 355?
-717
In base 2, what is -1100001110111 - 101011?
-1100010100010
In base 7, what is 1444 + -1433?
11
In base 13, what is 7706 - -4?
770a
In base 9, what is 1061408 - 3?
1061405
In base 14, what is -87 - -4277?
41d0
In base 16, what is d - -19f85?
19f92
In base 10, what is -23682 + -5?
-23687
In base 10, what is -117216 + 0?
-117216
In base 4, what is -23331 - -302?
-23023
In base 6, what is -10441 + -424?
-11305
In base 10, what is 40054 - -6?
40060
In base 10, what is 5782 - -1?
5783
In base 9, what is -17 + -834?
-852
In base 4, what is -3 + -321312?
-321321
In base 11, what is 42aa + -13?
4297
In base 10, what is -40 - 504?
-544
In base 5, what is 1240 - -430240?
432030
In base 6, what is 10 - 201353?
-201343
In base 16, what is -1afc7 + 4?
-1afc3
In base 16, what is -71b - -8?
-713
In base 13, what is -1077 - -13?
-1064
In base 14, what is -bd022 - 1?
-bd023
In base 5, what is -11 + 100040132?
100040121
In base 8, what is 54 - 5466?
-5412
In base 12, what is 9aa + -38?
972
In base 13, what is -3b87 - 18?
-3ba2
In base 3, what is -20200010 - -210120?
-12212120
In base 4, what is 1 - -210133213?
210133220
In base 8, what is 5 - 365655?
-365650
In base 7, what is 1304 - 40232?
-35625
In base 4, what is -120312231 - -2?
-120312223
In base 7, what is -12352 + -42?
-12424
In base 7, what is 4 - -1640641?
1640645
In base 6, what is -1013343 + 0?
-1013343
In base 8, what is -2 + -365260?
-365262
In base 3, what is -1212100122 - 12?
-1212100211
In base 2, what is -11111000111000 + 0?
-11111000111000
In base 13, what is -4 + -c1b04?
-c1b08
In base 16, what is -11e68 + 8?
-11e60
In base 7, what is -21205 + 14?
-21161
In base 11, what is 37 + 4353?
438a
In base 6, what is -30 + 33520?
33450
In base 10, what is -108 + -24284?
-24392
In base 11, what is 1a + -2a2a?
-2a10
In base 9, what is 0 + 23725?
23725
In base 7, what is -32003 + 313?
-31360
In base 6, what is -21 + 302050?
302025
In base 4, what is 1200223 + 211?
1201100
In base 15, what is -3ab + d?
-39d
In base 4, what is -1002111 - -1203?
-1000302
In base 12, what is -1266 + -310?
-1576
In base 8, what is -16613 + 3?
-16610
In base 13, what is 3919 - 2?
3917
In base 6, what is -12430 - -1?
-12425
In base 8, what is -2 + 1526117?
1526115
In base 3, what is -202222000222 + 11?
-202222000211
In base 16, what is 13 + -be50?
-be3d
In base 13, what is -4 - -2715b?
27157
In base 13, what is -71321 - 2?
-71323
In base 10, what is 50106 - 1?
50105
In base 7, what is 3446 + 301?
4050
In base 9, what is -248764 - -1?
-248763
In base 15, what is b6 + -4ca?
-414
In base 11, what is 37 - -a41?
a78
In base 7, what is -130036 + -10?
-130046
In base 9, what is 20471 - 6?
20464
In base 10, what is -54 + 369?
315
In base 13, what is 380 + 850?
c00
In base 8, what is 55223 - 16?
55205
In base 13, what is 3c - 315?
-2a6
In base 3, what is -2 + 120220202?
120220200
In base 14, what is 5cb - -30?
61b
In base 9, what is -2032 + -572?
-2614
In base 10, what is -22752 + 1?
-22751
In base 7, what is -115115136 - 0?
-115115136
In base 16, what is -9c - -135?
99
In base 13, what is -a + -2ccc0?
-2ccca
In base 8, what is 1174 - -3215?
4411
In base 3, what is -122000 + 112210?
-2020
In base 2, what is -11101011110 + -101110?
-11110001100
In base 12, what is 2 - -51b0?
51b2
In base 13, what is 12c93 - 10?
12c83
In base 10, what is -2 - -38725?
38723
In base 15, what is -1996da - 3?
-1996dd
In base 5, what is -2213010 - 4?
-2213014
In base 14, what is 17 + 1c8d?
1ca6
In base 8, what is -17405 - 0?
-17405
In base 15, what is 49 + -5b?
-12
In base 16, what is 1c21b - d?
1c20e
In base 12, what is 5 - -a804?
a809
In base 13, what is 4936 - -1?
4937
In base 8, what is 75 + 1564?
1661
In base 5, what is 0 + 141432443?
141432443
In base 9, what is 6202 + -4?
6187
In base 13, what is -2a42 + 15?
-2a2a
In base 13, what is -4 + -2026?
-202a
In base 14, what is 54 - -1423?
1477
In base 3, what is -10 - -121000210112?
121000210102
In base 5, what is 4100204 - -313?
4101022
In base 11, what is 14145 - -33?
14178
In base 10, what is -208 + -507?
-715
In base 12, what is 8 + 7a49?
7a55
In base 16, what is -1 + 2e5a?
2e59
In base 7, what is 1300224 + 3?
1300230
In base 2, what is -100111100 - -11001001?
-1110011
In base 14, what is -24b03 - -7?
-24ada
In base 7, what is -3434 - 13?
-3450
In base 15, what is 0 + -1dd6?
-1dd6
In base 15, what is 3 - -9e1?
9e4
In base 13, what is 1231 + -2b?
1203
In base 13, what is -3 - -361a?
3617
In base 13, what is a - -128763?
128770
In base 9, what is 14577 + -625?
13852
In base 6, what is -5 - 34100?
-34105
In base 12, what is 367a1 + -4?
36799
In base 14, what is 1c879 + 5?
1c880
In base 10, what is -8474 + -65?
-8539
In base 12, what is 2aa + 46?
334
In base 5, what is -11 - -111112433?
111112422
In base 7, what is 3 - 1650?
-1644
In base 9, what is 57 - -24?
82
In base 16, what is 0 - 16dda?
-16dda
In base 8, what is -151024 + -176?
-151222
In base 4, what is -12332303 - 11?
-12332320
In base 3, what is 22010000 - -12020?
22022020
In base 12, what is 15 + -1007?
-bb2
In base 3, what is 212122 + -101021?
111101
In base 3, what is -10100110 - 11202?
-10112012
In base 4, what is 0 - -323203213?
323203213
In base 3, what is -21222021 - 120022?
-22112120
In base 16, what is -1 + -374c?
-374d
In base 11, what is -88 - 3537?
-3614
In base 2, what is -1001 - -1100110011010?
1100110010001
In base 5, what is 12 + -141341?
-141324
In base 9, what is 2 - 138013?
-138011
In base 9, what is -35234 + -55?
-35300
In base 2, what is -1011 - 100000100000011000?
-100000100000100011
In base 8, what is -1 - 13712?
-13713
In base 13, what is -2937 - 26?
-2960
In base 6, what is 0 - -54321?
54321
In base 12, what is 17 - -20704?
2071b
In base 3, what is 11001 + -2022?
1202
In base 2, what is 1100011110101 - 110?
1100011101111
In base 16, what is 229 - 20f7?
-1ece
In base 12, what is -5 + -234b?
-2354
In base 12, what is 9225 - -12b?
9354
In base 9, what is -4 + 32466?
32462
In base 11, what is -208a - 23?
-2102
In base 15, what is -5cde + 0?
-5cde
In base 4, what is -111 + 10020030?
10013313
In base 14, what is -4 + 12222?
1221c
In base 5, what is 1220 + 1011?
2231
In base 14, what is 43 - -559?
59c
In base 6, what is -301 - -124?
-133
In base 14, what is -165 + 28?
-13b
In base 15, what is -5a + -233?
-28d
In base 5, what is 304 + -104322?
-104013
In base 2, what is -11001111010000 - 10?
-11001111010010
In base 6, what is -4 + 33221?
33213
In base 4, what is -21 + -1230130?
-1230211
In base 5, what is 432 - -122012?
122444
In base 13, what is 42 + -6?
39
In base 7, what is 426614 + -4?
426610
In base 3, what is 2220120 + 1?
2220121
In base 4, what is -22 + 1113212?
1113130
In base 5, what is 200114 + -400?
144214
In base 8, what is 3 - 5